 0) prime?
False
Let z = 9 + 63. Suppose 188 = 3*q + n, q + 4 - z = n. Let f = q + 79. Is f a prime number?
False
Suppose 11*k = -9 + 31. Suppose 3*o = -3*f + 2*o + 641, -k*f = -5*o - 450. Is f composite?
True
Let l(f) = -14*f - 11 + 3*f - 6*f**2 + 5*f**2. Is l(-8) composite?
False
Suppose -4*z + 5*i + 9 = -2*z, 5*z + 30 = -5*i. Let g(c) = 44*c**2 + 3*c + 2. Let b(x) = 88*x**2 + 6*x + 4. Let k(m) = z*b(m) + 7*g(m). Is k(3) composite?
True
Suppose -188*h = -189*h + 110917. Is h prime?
True
Suppose -3*g = 6*g - 30906. Suppose 4*x = -5*n + 4303, 3*x - 4*x - g = -4*n. Is n a composite number?
False
Let z be (-6)/4*48/(-18). Suppose 4*u = w - 0*w + 3, -3*u + z*w = 14. Suppose 0 = -2*y + 5*k + 61 - 5, u*y + k = 44. Is y composite?
False
Suppose d - 4*d + 124186 = 5*o, 0 = -3*o + 5*d + 74532. Is o a composite number?
True
Suppose 5 = r + m - 9, -m + 5 = 0. Suppose -4*u - 2*p - 24 = 0, 4*u = 4*p - r*p - 30. Is -1 + 1 + u + 476 composite?
True
Let z be -2*2/(-2)*7. Suppose -2*q + z = 3*b, 0 = -8*q + 3*q + 5. Suppose o = 3*s + 21, o = -b*o - 4*s + 181. Is o a prime number?
False
Suppose 14*u = 11*u + c + 66846, 44554 = 2*u - 4*c. Is u prime?
True
Suppose -k + 52 = -150. Suppose -r = -92 - k. Suppose -r - 105 = -3*n. Is n a composite number?
True
Suppose 0 = 2*u - 2*y - 198006, 5*u - 494983 = 5*y - 8*y. Is u composite?
False
Suppose -5834 = -6*u + 4564. Is u a composite number?
False
Let r(n) = -30799*n - 810. Is r(-5) prime?
False
Suppose -4*q + 1 = -15. Suppose 4*x - 4*h = -0*h + q, -3*h = 2*x + 13. Is x/(1262/422 + -3) a prime number?
True
Suppose q = -0*q + 5. Let m(h) = 5 + 11*h + 2 - 4 + 4*h**2 + q. Is m(-7) a prime number?
True
Suppose 6*n - n + 10 = 0. Let j be (n/(-3))/(2/573). Suppose 5*o = h + h + j, o + 5*h = 49. Is o a prime number?
False
Let y = -43 + 58. Suppose y*s = 23*s - 2328. Is s composite?
True
Let l = -37 - -1794. Is l a composite number?
True
Let t(i) = 8*i**2 + 2*i - 2. Let d be t(1). Suppose 2*g - 2*s - 2*s = 1942, 4*s + d = 0. Is g composite?
False
Suppose -5*r = -2*a + 623, r - 2*a = -3*r - 500. Let z = 374 + r. Is z a prime number?
True
Let b = 1271 - 643. Suppose 4*l - p + 0*p - b = 0, -p = -2*l + 314. Is l prime?
True
Suppose 0*i + 3186 = 3*i + 4*l, -2*i = 4*l - 2128. Suppose -v = h + 531, 2*h + 4*v + 0*v = -i. Let q = -122 - h. Is q composite?
True
Suppose 5*a + 198980 = 5*k, 71*a - 25 = 66*a. Is k prime?
False
Let i(s) = -10*s + 13. Suppose 25 = 5*a, 4*x + 2*a + 3*a = -15. Is i(x) prime?
True
Let g = -2329 - -3884. Is g a prime number?
False
Let g(z) = -z**3 - 10*z**2 + 10*z - 10. Let h be g(-11). Let n(w) = 47*w - 1. Let c be n(h). Let f = c + -33. Is f prime?
True
Let j(q) = -q**2 + 11*q + 16. Let l be j(12). Let c(m) = -l*m - 3 + 2*m**2 - 5*m**2 - 2 + 6*m**2. Is c(6) a prime number?
True
Let o(d) = 11*d**2 + d - 131. Is o(15) prime?
False
Suppose 76882 = 11*k + 19143. Is k composite?
True
Let i(f) be the second derivative of f**5/20 + 5*f**4/6 + f**3/6 + 7*f**2/2 - 2*f - 8. Let z be 1*(0 + 0) - 6. Is i(z) a composite number?
True
Suppose -2*l = 3*n - 26, -n - l = l - 10. Suppose 2*d = n + 108. Is d composite?
True
Is 7 + (8/(-18) - (-806170)/171) composite?
False
Let j(o) = -277*o - 15. Is j(-18) a composite number?
True
Suppose 2*y = 9*y - 10542. Suppose 4*h + y = 10*h. Is h composite?
False
Let y = -27 + 67. Suppose -4*l = -5*k - 210, 3*k + 277 = 5*l + 4*k. Let d = l + y. Is d a prime number?
False
Let q = 22 + -12. Let c = q + -18. Let l = c + 67. Is l composite?
False
Let v(p) be the second derivative of -p**5/20 + 2*p**4/3 + 2*p**3/3 - 9*p**2/2 + 5*p. Let m be v(7). Suppose -5*h = -7*h + m. Is h prime?
False
Suppose -5*d + 2*y + 38940 = -3*y, -3*d = 2*y - 23369. Is d a composite number?
False
Let s = -21 - -27. Suppose 0 = -4*h, s*u - u - 410 = 5*h. Is u composite?
True
Let l(c) = -c**2 + 9*c - 1. Let z be l(9). Let p be z/((-166)/82 - -2). Suppose 3*g - 118 - p = 0. Is g a prime number?
True
Let g be 2 + (-2 - 0) + 77. Let b(s) = s + 8. Let h be b(-4). Suppose h*t - 3*x = g, 0*t + t - x = 18. Is t a composite number?
False
Let t(i) = -i**3 - 39*i**2 + 10*i + 103. Is t(-43) composite?
False
Suppose 4*q + 4*u + 94 = 11486, -q = 4*u - 2854. Is q a composite number?
True
Let q(d) = -d. Let a be q(-3). Suppose -3*s = -4*f + 2*s + 152, -a*f - s = -95. Suppose 76 = c - f. Is c composite?
False
Let y(m) = -m**3 + 2*m + 1841. Let w = 3 + -3. Is y(w) a composite number?
True
Is (-12)/((-60)/(-226255))*-1 prime?
False
Let x = -19 - -20. Let m be x/((-4)/8) - -3. Is (m/(-1))/(8/(-248)) composite?
False
Let j(n) = n + 3. Let c be j(-1). Suppose c*f - 3*z + 203 = 0, z - 3*z = -5*f - 524. Let l = 161 + f. Is l a prime number?
False
Suppose 4*w = -n + 2*w + 16175, 0 = n - 3*w - 16190. Is n a prime number?
False
Let r(t) = 2813*t**3 + t**2 - 3*t + 2. Is r(1) a prime number?
False
Suppose -128624 = 572*c - 580*c. Is c composite?
True
Let s = -53 - -80. Let a = s - 48. Let n = a + 115. Is n a prime number?
False
Let l(d) = 3*d**2 - 5*d + 53. Is l(-18) a composite number?
True
Suppose 0 = 766*j - 762*j - 248. Let i be 2 - ((2 - 24) + -1). Let v = j - i. Is v a composite number?
False
Let o = 162 + -688. Let x = o + 1079. Is x a prime number?
False
Suppose -u = -2*u - 16. Let m(j) = -j**3 - 17*j**2 - 29*j + 3. Is m(u) a prime number?
True
Let k = 9846 + 3362. Suppose 5*n - 4*b - 9359 = 7152, 3*b = 4*n - k. Is n a prime number?
True
Suppose 2*u - 13 + 3 = 2*s, 0 = -2*u - 5*s + 24. Let a(c) be the third derivative of c**6/120 + c**5/20 - 2*c**4/3 - c**3/6 - 3*c**2. Is a(u) composite?
True
Let n = -105 + 255. Let g = n + 18. Let p = 239 - g. Is p composite?
False
Let h = 1429 + -288. Suppose u - 694 = h. Is u a composite number?
True
Is (9252/144)/(903/(-452) + 2) composite?
True
Suppose -2*k + 3*k = 0. Suppose p + 0*p + 4 = k. Let a(h) = -h**3 - h**2 + 5. Is a(p) prime?
True
Let s(h) = -480*h - 15. Let i(c) = -160*c - 5. Let u(r) = -11*i(r) + 4*s(r). Is u(-4) a prime number?
False
Suppose 4*c = u + 44955, 4*c - 44958 = 12*u - 14*u. Is c prime?
True
Let k(g) = 7*g - 5. Let l(c) = -c**3 + 4*c**2 + 4*c + 1. Let y be l(5). Let o = 10 + y. Is k(o) composite?
False
Let g = -2688 + 4049. Is g prime?
True
Suppose 0 = 5*a - 4*h + 7, -6*a + 1 = -2*a - h. Let p be 0 + a + -1 - -3. Suppose -g + 287 = p*u, 163 - 430 = -3*u + 3*g. Is u prime?
False
Let w(a) = 48*a**3 - 9*a**2 + 14*a - 44. Is w(5) a composite number?
False
Suppose -18*d + 16669 = -163457. Is d prime?
True
Is (-1)/(13/(-109278)) - 7 composite?
True
Let b(s) = 2471*s + 204. Is b(23) prime?
True
Suppose c = -4*c + 44895. Suppose 2109 = -2*n + c. Suppose -13*v + 16*v - n = 0. Is v a prime number?
False
Suppose -2*f + 8 = -2*o + o, 3*o - 2*f + 24 = 0. Let c(q) = 8*q**2 + q - 25. Is c(o) a prime number?
True
Suppose 18 = 2*g + 6. Let k be g*(8/(-2) - -17). Suppose -4*f = 2*z - 74, -3*z + 0*z = -5*f - k. Is z a composite number?
False
Suppose -2*h - 18 = -4*h. Let x(l) = 116*l + 10. Let a be x(h). Suppose b + 167 = a. Is b a prime number?
True
Suppose -10*r = -15*r. Let p(k) = 2*k + 1481. Is p(r) a composite number?
False
Let y be (-6)/24 + (-162)/(-8). Let p = 23 - y. Suppose 0 = -p*x - 42 + 183. Is x composite?
False
Is 45/12 + 3/(-4) + 7826 a prime number?
True
Suppose 2*x = -0*x + 138. Is 6*(-4 + x/2) a prime number?
False
Let d(f) = f**3 + f**2 + f + 1. Let h(c) = -5*c**3 - 19*c**2 + 2*c - 9. Let r(z) = -6*d(z) - h(z). Is r(5) a composite number?
False
Let n(s) = s + 10. Let x be n(5). Suppose 4*z = z - x. Let p(o) = -o**3 + o**2 - 7. Is p(z) a composite number?
True
Let z = 16028 + 17519. Is z composite?
False
Suppose q = 4*s + 2, 4*q + 11 = -2*s - s. Is (s + (-2715)/(-10))*14 composite?
True
Let s(h) = h**3 + 3*h**2 - 3*h - 6. Let g be s(-3). Suppose q = -g*q + 3284. Is q a prime number?
True
Suppose -3*u = -s - 2*s - 3675, 3*s - 3 = 0. Let t(r) = 2*r - 4. Let i be t(5). Suppose i*q - 8*q + u = 0. Is q a prime number?
True
Suppose -8*y + 42025 + 41007 = 0. Is y composite?
True
Let t = 577 + -1407. Let x = -109 - t. Is x a prime number?
False
Let a(n) = -n**2 + 3*n - 3. Let i be a(6). Let r = i + 24. Suppose 70 - 7 = r*q. Is q prime?
False
Suppose 2 - 17 = -5*s. Suppose -d - 374 = -s*d. Is d a prime number?
False
Suppose -3*y + g - 4*g = -9780, -2*y + 5*g = -6527. Is y a prime nu